d by 146.
5
What is the remainder when 132269 is divided by 55?
49
Calculate the remainder when 33779 is divided by 12.
11
Calculate the remainder when 465609 is divided by 697.
13
Calculate the remainder when 40185 is divided by 204.
201
Calculate the remainder when 121972 is divided by 4.
0
What is the remainder when 58362 is divided by 789?
765
What is the remainder when 372838 is divided by 20713?
4
Calculate the remainder when 210198 is divided by 166.
42
Calculate the remainder when 3245 is divided by 84.
53
What is the remainder when 197282 is divided by 17?
14
Calculate the remainder when 631 is divided by 107.
96
Calculate the remainder when 568 is divided by 142.
0
Calculate the remainder when 165517 is divided by 18388.
25
Calculate the remainder when 1437 is divided by 8.
5
Calculate the remainder when 60767 is divided by 494.
5
Calculate the remainder when 13248 is divided by 159.
51
What is the remainder when 1144 is divided by 847?
297
What is the remainder when 4495 is divided by 925?
795
What is the remainder when 10688 is divided by 269?
197
What is the remainder when 59368 is divided by 29?
5
Calculate the remainder when 1804 is divided by 1796.
8
What is the remainder when 334597 is divided by 86?
57
What is the remainder when 3920 is divided by 304?
272
What is the remainder when 356709 is divided by 178304?
101
What is the remainder when 1333 is divided by 683?
650
Calculate the remainder when 129643 is divided by 90.
43
What is the remainder when 37159 is divided by 1548?
7
What is the remainder when 7902 is divided by 184?
174
What is the remainder when 2086 is divided by 1361?
725
What is the remainder when 1006 is divided by 111?
7
Calculate the remainder when 832 is divided by 208.
0
What is the remainder when 1489 is divided by 683?
123
Calculate the remainder when 339448 is divided by 196.
172
Calculate the remainder when 787 is divided by 261.
4
What is the remainder when 4642 is divided by 749?
148
Calculate the remainder when 273053 is divided by 46.
43
Calculate the remainder when 29710 is divided by 647.
595
Calculate the remainder when 2895 is divided by 302.
177
What is the remainder when 8080012 is divided by 17?
14
Calculate the remainder when 7176 is divided by 513.
507
What is the remainder when 563 is divided by 353?
210
What is the remainder when 43697 is divided by 7278?
29
What is the remainder when 3172 is divided by 316?
12
Calculate the remainder when 1385 is divided by 236.
205
What is the remainder when 7317 is divided by 41?
19
What is the remainder when 137942 is divided by 56?
14
Calculate the remainder when 1067 is divided by 263.
15
Calculate the remainder when 2450 is divided by 341.
63
Calculate the remainder when 61591 is divided by 616.
607
Calculate the remainder when 1362 is divided by 578.
206
What is the remainder when 6943 is divided by 3391?
161
What is the remainder when 169186 is divided by 84593?
0
Calculate the remainder when 22537 is divided by 92.
89
What is the remainder when 28709 is divided by 2859?
119
What is the remainder when 12438 is divided by 494?
88
Calculate the remainder when 19945 is divided by 2848.
9
Calculate the remainder when 19823 is divided by 736.
687
What is the remainder when 35045 is divided by 155?
15
What is the remainder when 7469845 is divided by 693?
691
What is the remainder when 193049 is divided by 286?
285
What is the remainder when 2681 is divided by 489?
236
Calculate the remainder when 150358 is divided by 15.
13
Calculate the remainder when 11964 is divided by 3983.
15
Calculate the remainder when 7297 is divided by 1802.
89
What is the remainder when 3756257 is divided by 18?
17
Calculate the remainder when 217364 is divided by 2618.
70
What is the remainder when 2186 is divided by 501?
182
What is the remainder when 6910 is divided by 40?
30
Calculate the remainder when 3374 is divided by 420.
14
What is the remainder when 88951 is divided by 2340?
31
What is the remainder when 82720 is divided by 102?
100
What is the remainder when 56573 is divided by 14142?
5
What is the remainder when 3337 is divided by 1084?
85
What is the remainder when 57804 is divided by 289?
4
Calculate the remainder when 46453 is divided by 6.
1
What is the remainder when 2834 is divided by 2783?
51
Calculate the remainder when 28348 is divided by 2.
0
What is the remainder when 1775 is divided by 47?
36
Calculate the remainder when 77787 is divided by 697.
420
Calculate the remainder when 405 is divided by 244.
161
Calculate the remainder when 5096 is divided by 352.
168
Calculate the remainder when 293135 is divided by 189.
185
What is the remainder when 49938 is divided by 120?
18
What is the remainder when 58773 is divided by 46?
31
What is the remainder when 6259 is divided by 368?
3
Calculate the remainder when 62809 is divided by 63.
61
Calculate the remainder when 10301 is divided by 294.
11
Calculate the remainder when 23772 is divided by 317.
314
What is the remainder when 16620 is divided by 886?
672
Calculate the remainder when 2731007 is divided by 48.
47
Calculate the remainder when 1392 is divided by 92.
12
Calculate the remainder when 9514 is divided by 32.
10
What is the remainder when 8551 is divided by 53?
18
Calculate the remainder when 29806 is divided by 342.
52
Calculate the remainder when 7243 is divided by 603.
7
What is the remainder when 4380 is divided by 550?
530
Calculate the remainder when 92822 is divided by 235.
232
Calculate the remainder when 3567 is divided by 218.
79
What is the remainder when 926396 is divided by 187?
185
Calculate the remainder when 28020 is divided by 2802.
0
What is the remainder when 5808 is divided by 9?
3
Calculate the remainder when 7409 is divided by 18.
11
Calculate the remainder when 77653 is divided by 76.
57
Calculate the remainder when 87954 is divided by 21982.
26
What is the remainder when 96265 is divided by 6?
1
Calculate the remainder when 38596 is divided by 27.
13
What is the remainder when 29963 is divided by 153?
128
What is the remainder when 3303 is divided by 476?
447
Calculate the remainder when 473569 is divided by 61.
26
Calculate the remainder when 23952 is divided by 90.
12
What is the remainder when 6794 is divided by 3326?
142
Calculate the remainder when 30556 is divided by 9593.
1777
What is the remainder when 187042 is divided by 44?
42
Calculate the remainder when 2699 is divided by 294.
53
What is the remainder when 1124158 is divided by 9?
4
Calculate the remainder when 53058 is divided by 60.
18
Calculate the remainder when 42541 is divided by 5311.
53
Calculate the remainder when 91631 is divided by 975.
956
What is the remainder when 1475 is divided by 640?
195
What is the remainder when 16046 is divided by 34?
32
Calculate the remainder when 31668 is divided by 6333.
3
Calculate the remainder when 1379 is divided by 643.
93
Calculate the remainder when 2958 is divided by 970.
48
Calculate the remainder when 22216 is divided by 1791.
724
Calculate the remainder when 619241 is divided by 298.
295
What is the remainder when 212 is divided by 15?
2
What is the remainder when 142577 is divided by 284?
9
Calculate the remainder when 775 is divided by 204.
163
Calculate the remainder when 7698 is divided by 320.
18
What is the remainder when 40776 is divided by 18?
6
What is the remainder when 3273 is divided by 1277?
719
Calculate the remainder when 3597 is divided by 872.
109
Calculate the remainder when 321748 is divided by 650.
648
What is the remainder when 24615 is divided by 896?
423
Calculate the remainder when 108935 is divided by 62.
1
What is the remainder when 105505 is divided by 4?
1
Calculate the remainder when 126797 is divided by 7457.
28
Calculate the remainder when 10307 is divided by 791.
24
What is the remainder when 33438 is divided by 122?
10
What is the remainder when 6769 is divided by 1683?
37
Calculate the remainder when 1304553 is divided by 142.
141
What is the remainder when 5754 is divided by 699?
162
What is the remainder when 1988 is divided by 131?
23
What is the remainder when 7191 is divided by 128?
23
Calculate the remainder when 1694 is divided by 34.
28
Calculate the remainder when 3162 is divided by 7.
5
What is the remainder w